{"id":1106,"date":"2020-08-24T10:25:56","date_gmt":"2020-08-24T10:25:56","guid":{"rendered":"https:\/\/www.to-ma.at\/?page_id=1106"},"modified":"2024-09-11T10:22:45","modified_gmt":"2024-09-11T10:22:45","slug":"impressum","status":"publish","type":"page","link":"https:\/\/www.to-ma.at\/index.php\/impressum\/","title":{"rendered":"Impressum"},"content":{"rendered":"<div class=\"fusion-fullwidth fullwidth-box fusion-builder-row-1 nonhundred-percent-fullwidth non-hundred-percent-height-scrolling\" style=\"background-color: #ffffff;background-position: center center;background-repeat: no-repeat;padding-top:0px;padding-right:0px;padding-bottom:0px;padding-left:0px;margin-bottom: 0px;margin-top: 0px;border-width: 0px 0px 0px 0px;border-color:#eae9e9;border-style:solid;\" ><div class=\"fusion-builder-row fusion-row\"><div class=\"fusion-layout-column fusion_builder_column fusion-builder-column-0 fusion_builder_column_1_1 1_1 fusion-one-full fusion-column-first fusion-column-last\" style=\"margin-top:0px;margin-bottom:0px;\"><div class=\"fusion-column-wrapper fusion-flex-column-wrapper-legacy\" style=\"background-position:left top;background-repeat:no-repeat;-webkit-background-size:cover;-moz-background-size:cover;-o-background-size:cover;background-size:cover;padding: 0px 0px 0px 0px;\"><div class=\"fusion-text fusion-text-1\"><div>\n<p class=\"DefaultParagraph\"><span class=\"C-2\">Falls Sie Fragen haben oder ein unverbindliches Angebot w\u00fcnschen, z\u00f6gern Sie nicht uns anzurufen.<\/span><\/p>\n<\/div>\n<div>\n<h3 class=\"Normal\"><strong><span class=\"C-4\">Medieninhaber &amp; Herausgeber:<\/span><\/strong><\/h3>\n<p class=\"Normal\"><span class=\"C-5\">TOMA GmbH<br \/>\n<\/span><span class=\"C-5\">Feldstra\u00dfe 12<br \/>\n<\/span><span class=\"C-5\">A-<wbr \/>2345 Brunn am Gebirge<\/span><\/p>\n<h3 class=\"DefaultParagraph\"><span class=\"C-4\">Kontaktdaten<\/span><\/h3>\n<p class=\"Normal\"><span class=\"C-5\">Tel: <a href=\"tel:+4318674998\" target=\"_blank\" rel=\"noopener noreferrer\">+43 1 867 49 89<\/a><br \/>\n<\/span><span class=\"C-5\">E-Mail Adresse: <a href=\"mailto:office@to-ma.at\" target=\"_blank\" rel=\"noopener noreferrer\">office@to-<wbr \/>ma.at\u00a0<\/a><\/span><\/p>\n<p class=\"DefaultParagraph\"><span class=\"C-5\">Firmenbuchnummer:\u00a0FN 244086 a<br \/>\n<\/span><span class=\"C-5\">UID Nr.: ATU57754978\u00a0 \u00a0 \u00a0 \u00a0 \u00a0 \u00a0 \u00a0 \u00a0 \u00a0 \u00a0<\/span><\/p>\n<p class=\"DefaultParagraph\"><span class=\"C-5\">\u00a0<\/span><\/p>\n<h4 class=\"DefaultParagraph\"><span class=\"C-7\">Ansprechpartner<\/span><\/h4>\n<p class=\"Normal\"><span class=\"C-3\">Sind Sie der Ansicht, dass der Inhalt unserer Website urheberrechtliche oder sonstige Rechte verletzt oder haben Sie Fragen rechtlicher Art zu unserem Internetauftritt, senden Sie bitte eine eMail an office@to-<wbr \/>ma.at<\/span><\/p>\n<h4 class=\"Normal\"><span class=\"C-7\">Haftungshinweis<\/span><\/h4>\n<p class=\"Normal\"><span class=\"C-3\">Trotz sorgf\u00e4ltiger inhaltlicher Kontrolle \u00fcbernehmen wir keine Haftung f\u00fcr die Inhalte externer Links. F\u00fcr den Inhalt der verlinkten Seiten sind ausschlie\u00dflich deren Betreiber verantwortlich.<\/span><\/p>\n<h4 class=\"Normal\"><span class=\"C-7\">Nutzungsbedinungen<\/span><\/h4>\n<p class=\"Normal\"><span class=\"C-3\">F\u00fcr alle Informationen auf der Website https:\/\/www.to-<wbr \/>ma.at werden s\u00e4mtliche Haftungsanspr\u00fcche ausgeschlossen. \u00c4nderungen an Inhalt und Angeboten sind jederzeit m\u00f6glich. Trotz gr\u00f6\u00dfter Sorgfalt k\u00f6nnen technische inhaltliche Fehler nicht ausgeschlossen werden.<\/span><\/p>\n<h4 class=\"Normal\"><span class=\"C-7\">Copyright<\/span><\/h4>\n<p class=\"Normal\"><span class=\"C-3\">Jedes Website-<wbr \/>Layout, jeder Text, alle Grafiken, jede Auswahl sind Copyright \u00a9 2020 T.O.M.A. Palettenhandels GesmbH, ALLE RECHTE VORBEHALTEN. Das Kopieren oder die Reproduktion (inklusive des Ausdrucks auf Papier) der gesamten Website bzw. von Teilen dieser Website ist nicht gestattet.<\/span><\/p>\n<\/div>\n<\/div><div class=\"fusion-clearfix\"><\/div><\/div><\/div><\/div><\/div>\n","protected":false},"excerpt":{"rendered":"","protected":false},"author":1,"featured_media":0,"parent":0,"menu_order":0,"comment_status":"closed","ping_status":"closed","template":"","meta":{"footnotes":""},"class_list":["post-1106","page","type-page","status-publish","hentry"],"yoast_head":"<!-- This site is optimized with the Yoast SEO plugin v23.5 - https:\/\/yoast.com\/wordpress\/plugins\/seo\/ -->\n<title>Impressum &#187; Europaletten - TOMA GmbH<\/title>\n<meta name=\"robots\" content=\"noindex, nofollow\" \/>\n<meta property=\"og:locale\" content=\"de_DE\" \/>\n<meta property=\"og:type\" content=\"article\" \/>\n<meta property=\"og:title\" content=\"Impressum &#187; Europaletten - TOMA GmbH\" \/>\n<meta property=\"og:url\" content=\"https:\/\/www.to-ma.at\/index.php\/impressum\/\" \/>\n<meta property=\"og:site_name\" content=\"Europaletten - TOMA GmbH\" \/>\n<meta property=\"article:modified_time\" content=\"2024-09-11T10:22:45+00:00\" \/>\n<meta name=\"twitter:card\" content=\"summary_large_image\" \/>\n<meta name=\"twitter:label1\" content=\"Gesch\u00e4tzte Lesezeit\" \/>\n\t<meta name=\"twitter:data1\" content=\"2\u00a0Minuten\" \/>\n<script type=\"application\/ld+json\" class=\"yoast-schema-graph\">{\"@context\":\"https:\/\/schema.org\",\"@graph\":[{\"@type\":\"WebPage\",\"@id\":\"https:\/\/www.to-ma.at\/index.php\/impressum\/\",\"url\":\"https:\/\/www.to-ma.at\/index.php\/impressum\/\",\"name\":\"Impressum &#187; Europaletten - TOMA GmbH\",\"isPartOf\":{\"@id\":\"https:\/\/www.to-ma.at\/#website\"},\"datePublished\":\"2020-08-24T10:25:56+00:00\",\"dateModified\":\"2024-09-11T10:22:45+00:00\",\"breadcrumb\":{\"@id\":\"https:\/\/www.to-ma.at\/index.php\/impressum\/#breadcrumb\"},\"inLanguage\":\"de\",\"potentialAction\":[{\"@type\":\"ReadAction\",\"target\":[\"https:\/\/www.to-ma.at\/index.php\/impressum\/\"]}]},{\"@type\":\"BreadcrumbList\",\"@id\":\"https:\/\/www.to-ma.at\/index.php\/impressum\/#breadcrumb\",\"itemListElement\":[{\"@type\":\"ListItem\",\"position\":1,\"name\":\"Startseite\",\"item\":\"https:\/\/www.to-ma.at\/\"},{\"@type\":\"ListItem\",\"position\":2,\"name\":\"Impressum\"}]},{\"@type\":\"WebSite\",\"@id\":\"https:\/\/www.to-ma.at\/#website\",\"url\":\"https:\/\/www.to-ma.at\/\",\"name\":\"Europaletten - TOMA GmbH\",\"description\":\"\",\"publisher\":{\"@id\":\"https:\/\/www.to-ma.at\/#organization\"},\"potentialAction\":[{\"@type\":\"SearchAction\",\"target\":{\"@type\":\"EntryPoint\",\"urlTemplate\":\"https:\/\/www.to-ma.at\/?s={search_term_string}\"},\"query-input\":{\"@type\":\"PropertyValueSpecification\",\"valueRequired\":true,\"valueName\":\"search_term_string\"}}],\"inLanguage\":\"de\"},{\"@type\":\"Organization\",\"@id\":\"https:\/\/www.to-ma.at\/#organization\",\"name\":\"TOMA GmbH\",\"url\":\"https:\/\/www.to-ma.at\/\",\"logo\":{\"@type\":\"ImageObject\",\"inLanguage\":\"de\",\"@id\":\"https:\/\/www.to-ma.at\/#\/schema\/logo\/image\/\",\"url\":\"https:\/\/www.to-ma.at\/wp-content\/uploads\/2021\/04\/Tablogo1.jpg\",\"contentUrl\":\"https:\/\/www.to-ma.at\/wp-content\/uploads\/2021\/04\/Tablogo1.jpg\",\"width\":512,\"height\":512,\"caption\":\"TOMA GmbH\"},\"image\":{\"@id\":\"https:\/\/www.to-ma.at\/#\/schema\/logo\/image\/\"},\"sameAs\":[\"https:\/\/www.instagram.com\/toma.paletten\/\"]}]}<\/script>\n<!-- \/ Yoast SEO plugin. -->","yoast_head_json":{"title":"Impressum &#187; Europaletten - TOMA GmbH","robots":{"index":"noindex","follow":"nofollow"},"og_locale":"de_DE","og_type":"article","og_title":"Impressum &#187; Europaletten - TOMA GmbH","og_url":"https:\/\/www.to-ma.at\/index.php\/impressum\/","og_site_name":"Europaletten - TOMA GmbH","article_modified_time":"2024-09-11T10:22:45+00:00","twitter_card":"summary_large_image","twitter_misc":{"Gesch\u00e4tzte Lesezeit":"2\u00a0Minuten"},"schema":{"@context":"https:\/\/schema.org","@graph":[{"@type":"WebPage","@id":"https:\/\/www.to-ma.at\/index.php\/impressum\/","url":"https:\/\/www.to-ma.at\/index.php\/impressum\/","name":"Impressum &#187; Europaletten - TOMA GmbH","isPartOf":{"@id":"https:\/\/www.to-ma.at\/#website"},"datePublished":"2020-08-24T10:25:56+00:00","dateModified":"2024-09-11T10:22:45+00:00","breadcrumb":{"@id":"https:\/\/www.to-ma.at\/index.php\/impressum\/#breadcrumb"},"inLanguage":"de","potentialAction":[{"@type":"ReadAction","target":["https:\/\/www.to-ma.at\/index.php\/impressum\/"]}]},{"@type":"BreadcrumbList","@id":"https:\/\/www.to-ma.at\/index.php\/impressum\/#breadcrumb","itemListElement":[{"@type":"ListItem","position":1,"name":"Startseite","item":"https:\/\/www.to-ma.at\/"},{"@type":"ListItem","position":2,"name":"Impressum"}]},{"@type":"WebSite","@id":"https:\/\/www.to-ma.at\/#website","url":"https:\/\/www.to-ma.at\/","name":"Europaletten - TOMA GmbH","description":"","publisher":{"@id":"https:\/\/www.to-ma.at\/#organization"},"potentialAction":[{"@type":"SearchAction","target":{"@type":"EntryPoint","urlTemplate":"https:\/\/www.to-ma.at\/?s={search_term_string}"},"query-input":{"@type":"PropertyValueSpecification","valueRequired":true,"valueName":"search_term_string"}}],"inLanguage":"de"},{"@type":"Organization","@id":"https:\/\/www.to-ma.at\/#organization","name":"TOMA GmbH","url":"https:\/\/www.to-ma.at\/","logo":{"@type":"ImageObject","inLanguage":"de","@id":"https:\/\/www.to-ma.at\/#\/schema\/logo\/image\/","url":"https:\/\/www.to-ma.at\/wp-content\/uploads\/2021\/04\/Tablogo1.jpg","contentUrl":"https:\/\/www.to-ma.at\/wp-content\/uploads\/2021\/04\/Tablogo1.jpg","width":512,"height":512,"caption":"TOMA GmbH"},"image":{"@id":"https:\/\/www.to-ma.at\/#\/schema\/logo\/image\/"},"sameAs":["https:\/\/www.instagram.com\/toma.paletten\/"]}]}},"_links":{"self":[{"href":"https:\/\/www.to-ma.at\/index.php\/wp-json\/wp\/v2\/pages\/1106"}],"collection":[{"href":"https:\/\/www.to-ma.at\/index.php\/wp-json\/wp\/v2\/pages"}],"about":[{"href":"https:\/\/www.to-ma.at\/index.php\/wp-json\/wp\/v2\/types\/page"}],"author":[{"embeddable":true,"href":"https:\/\/www.to-ma.at\/index.php\/wp-json\/wp\/v2\/users\/1"}],"replies":[{"embeddable":true,"href":"https:\/\/www.to-ma.at\/index.php\/wp-json\/wp\/v2\/comments?post=1106"}],"version-history":[{"count":9,"href":"https:\/\/www.to-ma.at\/index.php\/wp-json\/wp\/v2\/pages\/1106\/revisions"}],"predecessor-version":[{"id":3667,"href":"https:\/\/www.to-ma.at\/index.php\/wp-json\/wp\/v2\/pages\/1106\/revisions\/3667"}],"wp:attachment":[{"href":"https:\/\/www.to-ma.at\/index.php\/wp-json\/wp\/v2\/media?parent=1106"}],"curies":[{"name":"wp","href":"https:\/\/api.w.org\/{rel}","templated":true}]}}